ors of v.
5
Suppose 12*t - 13273 = 23639. Suppose -14*g + 2356 = -t. List the prime factors of g.
2, 97
Suppose 3*n - 577 = -1750. Let r = -216 - n. What are the prime factors of r?
5, 7
Suppose c + 4*c = 3*o + 40920, 32736 = 4*c - 4*o. List the prime factors of c.
2, 3, 11, 31
Let z = 43 - 17. Suppose 0 = -5*m + 4*s + z, -2 + 1 = -s. What are the prime factors of (-1338)/(-9) + 3 + (-22)/m?
2, 37
Let v = -160 + 25. Let o be (6/2 + v/25)*-110. Suppose 4*p + 4*t - 236 = -0*p, -3*t = -4*p + o. What are the prime factors of p?
3, 7
Suppose 823*i + 3391097 = 870*i. What are the prime factors of i?
23, 3137
Let x(n) = 1012*n + 2168. What are the prime factors of x(29)?
2, 7879
What are the prime factors of 1905 - 18*16/72?
1901
Suppose -b = -4*b + 4*c + 38, c = 5*b - 86. Suppose -4*i = 5*f, 2*f - 2*i = -0*i - b. What are the prime factors of (-2)/f*2 + (-3 - -128)?
2, 3, 7
Let k(i) = 2*i + 0*i + 8 + 19 - 4*i. Let c be k(15). What are the prime factors of 45 + c + 3 + -3?
2, 3, 7
What are the prime factors of (-8 - -532)/(6/9*27/99)?
2, 11, 131
Suppose -z - z - 3*y = -465, 4*y = -z + 235. Let w = z - 146. List the prime factors of w.
5, 17
Let g(f) = 1307*f - 50. List the prime factors of g(12).
2, 7817
Let r(a) = -20*a + 33. Suppose -4*l + 0*l = 64. Let m be r(l). Suppose -w = -2*v + m, v - 5*w + 2*w - 189 = 0. What are the prime factors of v?
2, 3, 29
Let f = 5638 - 5249. List the prime factors of f.
389
Let q = -249 + 628. Let d = q + -338. What are the prime factors of d?
41
Let p(x) = -91*x**3 + 7*x**2 + 17*x + 7. Let r be p(-5). Suppose -18*h - 2364 = -r. What are the prime factors of h?
2, 11, 23
Let j = 8616 - 7897. What are the prime factors of j?
719
Let o(r) = -19*r**2 + 7*r + 7. Let s(t) = -2*t**2 - t - 2. Let x(b) = -o(b) + 4*s(b). List the prime factors of x(8).
601
Suppose 5*d + k = 5030, 0 = 4*d - d + k - 3016. What are the prime factors of d?
19, 53
Suppose 9772 = 4*p - 4*b, -3*p - 5*b - 671 = -8000. What are the prime factors of p?
7, 349
Suppose u - 2*y = 359, -2*y = -3*y - 5. Suppose -7*i + 400 = -u. What are the prime factors of i?
107
Let a be (-3 - (-7 - -3))/((231/(-22))/21). Let y be -5 - (-1*2)/(-2). What are the prime factors of (3/y + 3)/(a/(-4))?
5
Let a = -1865 + 4368. List the prime factors of a.
2503
Suppose -18*f - 1228978 = -35*f - 288334. What are the prime factors of f?
2, 3, 29, 53
Suppose 3103*y - 23169 = -3*f + 3099*y, 4*f + 9*y - 30859 = 0. What are the prime factors of f?
5, 7, 13, 17
Let a be (12/90*-3)/(1/(-10)). Suppose 0*l - a = 2*l + 5*h, -h + 13 = 5*l. Suppose -3*f = -y - 157, -2*f - 59 = -l*f - 3*y. What are the prime factors of f?
53
Suppose 5*r + 3*h = 109, -r = r + 4*h - 38. Let t(j) = -2*j**2 - 38*j - 17. Let g be t(-17). Let o = g - r. What are the prime factors of o?
2, 7
Suppose 0 = -f + 2 + 2. Let d be ((-3)/6)/(2/f). What are the prime factors of (-8398)/(-39) - d/(-3)?
5, 43
Suppose -861 = -4*j - 5*r, 3*j = -r - 3*r + 647. Suppose 0 = 4*s - 0*s - 12, 0 = -4*l + s + j. What are the prime factors of l?
53
What are the prime factors of (-29 - (-30 + 1)) + (2/2 - -62456)?
3, 109, 191
Let b = 229 - 420. Let z be (-3)/(-2) + (-729)/6. Let d = z - b. List the prime factors of d.
71
Suppose 3*x - 40 = -5*y, -5*x + 3*y + 15 = y. Suppose -4*t + 200 = 2*q, 3*q + x*t = 240 + 64. List the prime factors of q.
2, 3
Let v = -14917 + 25290. List the prime factors of v.
11, 23, 41
Suppose -5*s + 358951 = -4*h, 0 = -15*s + 18*s + 2*h - 215375. List the prime factors of s.
17, 41, 103
Let u be 36/6*4/6. Suppose -h + 1242 = 3*t - 10, -u*h + 5063 = t. What are the prime factors of h?
7, 181
Let m be (-250)/(-50) + 2/(-2) + -8. What are the prime factors of (-10875)/30*m/5?
2, 5, 29
Let s = 276 - -103. Suppose -q - 5 = 0, 0 = -3*v - 3*q + 5*q + s. List the prime factors of v.
3, 41
Let o = 55 + -50. Suppose -o*z - 83 = -63. Let u(t) = -t**3 - 3*t**2 + 3*t + 3. List the prime factors of u(z).
7
Let c be (4/(-4))/(6/(-9) + 1). Let y be (334/3 + 0)*c. Let q = -208 - y. List the prime factors of q.
2, 3, 7
Let b = -123 + 78. Let d = -213 - b. Let a = -125 - d. What are the prime factors of a?
43
Suppose -6*w = 3*i - 4*w - 14, i = 2*w - 6. Suppose 0*s = 2*s + 5*p - 926, -3*s = -i*p - 1389. What are the prime factors of s?
463
Let s(o) = 8*o**3 - 24*o**2 - 27*o - 22. Let g(m) = -4*m**3 + 11*m**2 + 13*m + 10. Let v(u) = -5*g(u) - 2*s(u). What are the prime factors of v(6)?
2, 3, 5
Let r = 119 + -97. Let f(t) = -t**3 + 24*t**2 - 29*t + 52. What are the prime factors of f(r)?
2, 191
Let p(f) = 410*f**3 + 12*f**2 - 23*f + 211. List the prime factors of p(6).
5, 47, 379
Let g(u) = -31*u - 2. Let o(b) = -62*b - 5. Let w be -1*9/(15/(-5)). Let i(f) = w*o(f) - 5*g(f). List the prime factors of i(-4).
7, 17
Let x be 4*1/(16/18)*2. Suppose x*k - 2602 - 2276 = 0. What are the prime factors of k?
2, 271
Suppose g = h + 10273, 23*g - 5*h - 30809 = 20*g. List the prime factors of g.
2, 3, 571
Suppose 0 = 4*o - 2*j - 89813 - 23257, 4*j + 113080 = 4*o. List the prime factors of o.
5, 5653
Suppose 0*l - 2*l = 5*l. Suppose -4*i - 1207 = -3*o + 2383, 5*o - i - 5955 = l. Suppose -r = 5*w - 238, 2*w - o = -5*r - 3*w. What are the prime factors of r?
2, 7, 17
Let d = -350 - -34. Let w be (0 + 1)/(9/18). List the prime factors of w + (5/10)/((-2)/d).
3
Let h(n) be the first derivative of n**3/3 + 19*n**2/2 + 36*n + 3. Let x be h(-17). Suppose -x*z + 373 = 97. What are the prime factors of z?
2, 3, 23
Suppose 218183 - 480210 = -234*w + 2886677. What are the prime factors of w?
2, 29
Let u(m) = -m**3 + 5*m**2 - 6*m. Let i be u(3). Suppose 4*x - 3*c - 87 = -6*c, -3*x + 5*c + 29 = i. List the prime factors of x.
2, 3
Suppose 0 = 10*h + 6*h. Suppose h = 14*t - 3278 - 6844. What are the prime factors of t?
3, 241
Suppose 49404 = 5*u + 3*n, -n + 29496 + 10030 = 4*u. What are the prime factors of u?
2, 3, 61
Let o be ((-318)/(-4))/((-3)/(-2)). Suppose 0 = 14*x - o*x + 4407. What are the prime factors of x?
113
Let i = 62 - 75. List the prime factors of (i - -1)/(-4) - (-828 - 6).
3, 31
Let w be 24/15 + 10/25. Suppose -w*l - 5*a = 145, -2*a - 3*a - 385 = 5*l. Let t = -77 - l. List the prime factors of t.
3
Let k(f) = -35*f**3 - f**2 + f - 1. Let l be k(1). Let r be (-1 - -13)*24/l. Let n(t) = t**2 + 9*t + 14. List the prime factors of n(r).
2, 3
Let l = 104 + -108. Let m be (100/(-15) - l)*-90. Suppose -185 = -4*g - 3*p, 0 = -0*g + 5*g - 5*p - m. List the prime factors of g.
47
Let f(q) = 6*q**3 - 2*q**2 - 12*q + 2. Let a be f(4). Suppose k = -y - 29 + 337, y - a = -2*k. What are the prime factors of y?
2, 5, 31
Suppose -149*s = -150*s - 2*o + 44530, 2*o = s - 44518. List the prime factors of s.
2, 11131
Let n(m) = 4*m**2 + 7*m + 9. Let g be n(-2). Suppose -g*a = -787 - 764. What are the prime factors of a?
3, 47
Let j(g) = -7594*g + 9399. List the prime factors of j(-3).
3, 17, 631
Let x(w) = -5*w**3 - 50*w**2 + 22*w - 228. Let k(d) = -2*d**3 - 24*d**2 + 11*d - 114. Let s(v) = 9*k(v) - 4*x(v). List the prime factors of s(11).
733
Let x(i) = 2*i. Let z be x(1). Suppose -z*k + 5*f - 7 = 0, -3*f = -3 - 6. List the prime factors of 81*(k/4 - 0).
3
Let g(l) = -79*l**3 + 3*l**2 - 2*l + 8. List the prime factors of g(-5).
2, 7, 89
Let g(w) = w**3 - 5*w**2 + w + 4. Let b be g(3). Let z = -11 - b. Suppose -j - q + 110 = z, 2*j - 3*q = 7*j - 540. List the prime factors of j.
3, 5, 7
Suppose -5 = -5*v + 15. Suppose 5*d = -v*l + 75, d = -4*l - d + 78. What are the prime factors of l?
2, 5
Suppose 0 = -3*i + 972 - 279. Suppose -493 - i = -z. List the prime factors of z.
2, 181
Let p = 916 + 2079. Suppose 2*t + 14 = 4, -t - p = -5*w. List the prime factors of w.
2, 13, 23
Suppose 4 = l, 19 - 3 = 2*n - l. Suppose n*x = 2*x. Suppose -2*z + w + 124 + 41 = x, z - 75 = -w. List the prime factors of z.
2, 5
Let r = -13 + 116. Let v(l) = 31*l**2 + 2*l + 1. Let u be v(-3). Let c = u - r. What are the prime factors of c?
3, 19
What are the prime factors of -5 + 8 + (-3 - 1) + 2048?
23, 89
Let h(y) = y**3 - 20*y**2 - 21*y + 4. Let p be h(21). Suppose s + w + 112 = 410, -5*s + p*w = -1535. List the prime factors of s.
3, 101
Suppose 5*h - 4*g - 18015 - 38854 = 0, g = -h + 11381. What are the prime factors of h?
31, 367
Let g = 2 - 2. Suppose 29*y - 30*y + 6 = g. Suppose 